- 2224. Let n = 3980 + m. What is the tens digit of n?
6
Let z be 5 + (-7 + 2 - 246). Let t = z - -288. What is the tens digit of t?
4
Let i(u) = 801*u - 1570. What is the tens digit of i(10)?
4
Let n(x) = 68*x + 351. Let d be n(6). Suppose d*r - 766*r = -8127. What is the tens digit of r?
6
What is the tens digit of (-6)/(-144)*6*(-10 + 22) + 31104?
0
Let w = 703 - -2870. What is the thousands digit of w?
3
Let j(t) = 221*t**2 + t + 156. What is the hundreds digit of j(-9)?
0
Let i(j) = -100*j**3 + 3*j**2 + 27*j + 182. What is the ten thousands digit of i(-5)?
1
Let k = 14046 - -12053. What is the tens digit of k?
9
Let o = -285 + 304. What is the units digit of ((-3525)/(-45))/(o/9 + -2)?
5
Let b = -311 + 2224. What is the units digit of b?
3
Let j = -526 + 915. Let k = -836 + j. Let i = -239 - k. What is the tens digit of i?
0
Let t(c) = c**2 + 6*c - 4. Let l be t(-6). Let o(s) = 47*s - 22. Let q be o(l). Let r = q - -405. What is the hundreds digit of r?
1
Let l be 12/(-4) - -4 - 1*-11. Let r(g) = -g**2 + 14*g - 22. Let u be r(l). Suppose 0 = -u*x + 35 - 1. What is the units digit of x?
7
Let v be ((-168)/(-70))/((-2)/(-1410)). What is the hundreds digit of (-1 + 8)/(36/v)?
3
Let w(o) = -20*o**3 - o**2 + o - 3. Let k be w(-2). Suppose -k = -2*h + 5*f, 2*h - 5*f = -3*f + 166. Let a = h + 143. What is the units digit of a?
1
Suppose -a - 21 = -2*p - 2*p, 2*p + 5*a - 27 = 0. Suppose 4977 + 1221 = p*b. What is the thousands digit of b?
1
Suppose -3*a = -3*w - 210, 0 = -3*a + 4*a + 2. Let k be 18/5*(-120)/w. Suppose k*n + 84 = 588. What is the tens digit of n?
8
Let s(r) = 13*r**2 - 50*r + 1. Let o be s(19). Suppose -14*a + o = -a. What is the hundreds digit of a?
2
What is the units digit of (-180)/(-480) + 51189/8?
9
Let u = -53 - -53. Suppose u = 140*b - 135*b - 45. What is the units digit of b?
9
Let u = 14 - -129. Suppose u = l - 188. What is the hundreds digit of l?
3
Suppose 30407*j = 30395*j + 116700. What is the units digit of j?
5
Suppose 3*b - 18 = -3*j, 3*j - 24 = -2*b - 10. Suppose 0 = -o, -9*m + 8*m = b*o - 64. What is the tens digit of m?
6
Let k be (-13)/(-5) - 2/(-5)*1. Suppose -r = 3*i - 208, 2*r - k*i + 4*i - 411 = 0. What is the tens digit of r?
0
Suppose -5 = -17*y + 12*y. Let m be ((-1)/(-3) + 0)*(92 + y). What is the tens digit of m*(8/(-36) + 11/9)?
3
Suppose 15*b - 1656 = 3294. What is the tens digit of 2/11 + 137880/b?
1
Let c(t) = 62*t + 0*t**2 + t**2 - 27*t - 28*t + 20. What is the units digit of c(-15)?
0
Let n(y) = 15*y**3 - 12*y**2 + 215*y - 2310. What is the ten thousands digit of n(11)?
1
Let n(q) = q**2 - 38*q + 55. Let i(p) = 2*p**2 - 75*p + 110. Let m(r) = -4*i(r) + 7*n(r). What is the tens digit of m(16)?
3
Let t = -33136 - -56618. What is the units digit of t?
2
Suppose 2*c - 62 = -3*c - 4*w, 0 = 3*c - 5*w - 52. Suppose c*r - 6386 - 11814 = 0. What is the thousands digit of r?
1
Suppose 0 = 4*q - 32 + 108. Let p = 113 - q. What is the tens digit of p?
3
Let s be 14856/33 + (-1 - 18/(-22)). Suppose 3*h + 2*b - 2500 = 0, 3*b - s + 1265 = h. What is the hundreds digit of h?
8
Let u(j) = -22*j - 5. Let d be u(-11). Suppose -m + d = -0*m + 3*k, 217 = m - k. Let x = m - 133. What is the units digit of x?
9
Suppose -2481*j = -2476*j - s - 151869, 3*j - 91119 = s. What is the ten thousands digit of j?
3
Suppose 4*f = c + 12, -f + 0 = -5. Suppose c*m + 1 = 9*m. What is the units digit of m*(1 + (-2)/(-4))*2?
3
Suppose 14*t = 15*t - 3. Suppose -4*u - y = -288, -5*u - 2*y - t*y = -375. Suppose 150 = -69*v + u*v. What is the units digit of v?
5
Let x = 43155 + -19107. What is the tens digit of x?
4
Let o be 12/(-5)*110/(-44). Let t be 1*2 + -5 + o. Suppose -3*b + 12 = t. What is the units digit of b?
3
Let c = 6701 - 613. What is the tens digit of c?
8
Let o = -6773 + 12141. Suppose -4*d + 3*x = -o, 20 = -x - 4*x. What is the tens digit of d?
3
Suppose -5*x + 44 - 24 = 0. Suppose 2*w + g = x, -9 = 2*w - 5*g + 11. Suppose 8*p - p - 35 = w. What is the units digit of p?
5
Suppose -45*o = -51*o + 65112. What is the tens digit of o?
5
Let w(z) = -z**2 + 3. Let q be w(0). Suppose 42 = -b + q*b. What is the units digit of 2/6 - ((-2597)/b - 2)?
6
Let m = 29066 + -16152. What is the ten thousands digit of m?
1
Suppose 2*c - 75 = 5*q, c - q - 14 - 31 = 0. Suppose c = -m + 11*m. Suppose -2*z + b - m = -62, 0 = -z - b + 21. What is the units digit of z?
6
Let u(k) = -k**2 - 25*k + 5. Let q be u(-25). Suppose -3*f + 26*z + 1423 = 21*z, 2*z + 2340 = q*f. What is the units digit of f?
6
Let b(r) = -11*r + 297. Let x be b(26). Suppose -5*d + 4 = -3*d. Suppose -25 = -d*z + x. What is the tens digit of z?
1
Let x = 67 + -62. Suppose -9 = 5*p + 2*s, -s - 4 = -3*p + x*p. Let y = p - -52. What is the tens digit of y?
5
Let t(g) be the third derivative of 331*g**6/120 + g**5/60 - g**3/6 - 40*g**2. Let x be t(1). Let z = x + -175. What is the hundreds digit of z?
1
Suppose 0 = 4*t - 3*t - 185. Let h be (35187/(-1585))/((-3)/10). Let s = h + t. What is the units digit of s?
9
Let c(r) = 447*r**3 + 11*r + 12. Let u be c(-1). Let v = 100 - u. What is the units digit of v?
6
Let h(q) = -7*q - 6*q - 163 - 4*q + 12*q. Let g be h(0). What is the hundreds digit of 3/(2/g*21/(-14))?
1
Let x = -141 + 146. Suppose -4*p - 4*u = p - 4724, x*p - u = 4744. What is the units digit of p?
8
Let l be 1*2/(-3)*570/95. Let y(r) = -141*r + 8. What is the hundreds digit of y(l)?
5
Let r be (-48)/36*(-23463)/6. Suppose h = 5*z - 3*h - r, -4*h - 1030 = -z. What is the hundreds digit of z?
0
Let m be 2 + -1 + -5 + 2. Let a = 93 + -58. What is the tens digit of a/m*24/(-15)?
2
Suppose 48 = 3*w + 2*j, -5*w - 5*j = -74 - 11. Let d be ((-260)/4)/((-2)/w). Suppose d = -b + 6*b. What is the units digit of b?
1
Let x(v) = 2*v**3 + 13*v**2 - 7*v + 12. Let s be x(-7). Let o(i) = 5*i**2 - 30*i + 25. What is the tens digit of o(s)?
8
Suppose 3*r = 2*p + 3*p + 31, -r + 9 = -p. Let n(f) = 9*f - 43. Let t be n(r). Let x = -10 + t. What is the tens digit of x?
1
Let j = 2180 + -581. What is the tens digit of j/52*(-24)/(-9)?
8
Suppose 2*p - 13*p - 29933 + 122652 = 0. What is the tens digit of p?
2
Let m = 153 + 31. What is the units digit of m*((-16)/24 + (-70)/(-24))?
4
Let v(n) = -17*n + 885. What is the hundreds digit of v(-89)?
3
Let u = 1785 - 1170. Suppose 0 = 21*l - 6*l - u. What is the tens digit of l?
4
Let i(c) = c**2 - 3*c + 4. Let m(y) = 3*y - 18. Let b be m(7). Let d be i(b). Suppose 123 = -d*p + 439. What is the units digit of p?
9
Suppose -109858 = -3*r - d, 1851*d = -r + 1847*d + 36634. What is the ten thousands digit of r?
3
Let i(a) = 8*a - 57*a - 2*a - 5 - 7 + 5. Suppose n - 5*u + 3 = -1, 4*n = u - 16. What is the hundreds digit of i(n)?
1
Let n(k) = 361*k - 4736. What is the tens digit of n(93)?
3
Let h be -1*3/(-4)*(-20)/(-5). Let r(y) = -y**3 + 3*y**2 + 4. Let w be r(h). What is the units digit of (-2)/w + 1 - (-412)/8?
2
Let c(l) = -3*l + 18. Let m be c(8). Let p(g) = -g**3 + 2*g**2 - 11*g - 13. What is the tens digit of p(m)?
4
Let p(a) = a**2 + 11*a + 15. Suppose -113*i - 30 = -110*i. Let n be p(i). Suppose -n*k = -k - 12. What is the units digit of k?
3
Let c be ((-1 + 2)*-1)/((-1)/(-5)). Let f be (c/(-15))/(1/12). Suppose 240 = -f*q + 8*q. What is the tens digit of q?
6
Let w(u) = 2*u**2 - 8*u - 42. Let c be w(7). Suppose c*n - 868 = -5*g + 4*n, 3*n = -2*g + 361. What is the units digit of g?
6
Let n = -879 - -1581. Suppose n = 4*h - c, -h = -c - 167 - 7. What is the tens digit of h?
7
Suppose 37*i - 86*i + 43*i + 115596 = 0. What is the units digit of i?
6
Let f(d) = d**2 + 14*d - 6. Let w be f(-4). Let y = w + -39. Let n = y - -130. What is the tens digit of n?
4
Let o(t) = -t**2 + 14*t - 38. Let a be o(9). Suppose -452 = -2*n + c, 679 = -4*n + a*n - c. What is the units digit of n?
7
Let b(k) = 20900*k**2 + 38*k + 39. What is the thousands digit of b(-1)?
0
Let k(c) be the first derivative of c**2/2 - 27*c - 23. Let a be k(31). Suppose -333 = j - a*j. What is the hundreds digit of j?
1
Let o = -6102 + 17743. Suppose o = 8*j + 2057. What is the tens digit of j?
9
Let b(y) = -y**2 - 28*y - 93. Let d be b(-24). What is the hundreds digit of d + 1029 + 3 + (-4 - -7)?
0
Let l(u) = u**3 - 6*u**2 + 36. Let a be l(5). Suppose 0 = -a*b - 0*b + 2651. What